at is 2 - 2 - (-21 - -24)?
-3
Calculate 5 + -10 + 6 + 2 + -1.
2
-3 - (-5 + 3 + 2) - -4
1
2 + -1 - (8 - 4 - 5)
2
What is the value of (5 - -1 - 1) + -3?
2
Evaluate 12 + -34 + 8 - -9.
-5
Calculate -3 - (-2 - (-5 + 3)).
-3
Evaluate 3 + 6 - (5 - 2).
6
Calculate 6 + (0 - (-1 + 8)).
-1
Evaluate -6 + 7 - (-6 + (-3 - -12)).
-2
Evaluate 3 + (-3 - -4) + -2.
2
What is the value of (2 - 0) + -8 + 1?
-5
Calculate 15 - 14 - (1 - 3).
3
What is -4 + (4 - (5 + -7)) + -9?
-7
What is the value of -8 - (5 + -16) - 8?
-5
-14 + (5 - 4 - (-2 - 4))
-7
What is the value of 1 + (-9 - -2) - (-2 - -1)?
-5
What is (-7 - (5 - 12)) + -5?
-5
What is the value of 10 + (-6 - -15) + -12?
7
11 + (8 - (8 + 5))
6
What is the value of 4 + (4 - 3) + -2 + 0?
3
Evaluate (-2 - -12) + (-1 - 6).
3
What is -2 - (2 - ((3 - 4) + 1))?
-4
What is -1 + (-4 - (-7 - -5))?
-3
What is 0 + -8 - ((-6 - 7) + 9)?
-4
What is the value of -3 - (-6 + 1) - (4 + -6)?
4
Calculate 9 + (-5 - (7 + -6)).
3
(3 - 1) + 0 + (-22 - -16)
-4
Evaluate -3 - -6 - (-2 - (0 + -3)).
2
Calculate (1 - 9 - 0) + 4.
-4
2 + 0 + (10 - (-8 + 19))
1
What is -19 - (-7 - 2) - (-3 + 0)?
-7
What is the value of 18 - (-3 - -7) - 9?
5
-4 - 0 - (-9 + 5 + -2)
2
(-5 - (-5 + -2) - 1) + -6
-5
What is the value of 4 + 0 + (9 - 5) + -6?
2
Calculate -8 + -6 + 6 - (-8 - -3).
-3
What is (-2 + 15 - 4) + -10?
-1
Evaluate 16 + -23 + (1 - 0) + 3.
-3
What is 12 + (3 + -10 - (16 + -16))?
5
Calculate (-5 + 10 - 0) + (-2 - -1).
4
Evaluate (-41 - -42) + -5 + 6.
2
What is (-3 - 4) + -3 + 9?
-1
Evaluate (-3 - -2) + (3 - (2 - -3)).
-3
Calculate (-7 - (0 + -8)) + -3.
-2
Calculate 107 + -101 - (0 - -11).
-5
What is -4 + -3 + -3 + 7?
-3
Calculate 5 - (3 - (-1 + 4)).
5
What is the value of -2 + 3 + 4 + 3 + -6?
2
Calculate (1 - (0 - -4)) + 7.
4
7 + 2 + 2 + 2 + -7
6
What is -3 + (-9 - (10 + -21))?
-1
Calculate -3 + 1 - (0 + (7 - 8)).
-1
Calculate 5 - (6 + 1 + 4 + 2).
-8
Evaluate -14 + -3 + (6 - -11) + -6.
-6
Evaluate 3 - 4 - (-9 - -16).
-8
What is the value of 1 - (-9 + 4 + 2 - -8)?
-4
Calculate -4 + 11 - 4 - (5 - 9).
7
Evaluate 10 + 2 + (10 - 7) + -10.
5
What is the value of -6 + (9 - (0 - 3))?
6
Calculate (-2 - (1 - 3) - 4) + 6.
2
Evaluate -14 + 1 + -1 + 8.
-6
What is the value of 48 + -52 - (1 + -1)?
-4
-8 + (11 - (13 - 5))
-5
Calculate 1 - (-4 - (-3 + -1)).
1
What is 5 + (-8 - (-3 - (-6 - 4)))?
-10
What is the value of -5 + (2 - -4 - (-3 - -6))?
-2
What is 2 - (-4 - -5) - 4?
-3
Evaluate -11 - -15 - (1 + -1).
4
2 + 5 + (15 + -8 - 13)
1
What is (4 - (0 + 0)) + -11 + 3?
-4
What is the value of (24 - 20) + -2 + -5?
-3
What is the value of -4 + 10 + 1 + -1 + -2?
4
(3 - (10 - 1)) + (18 - 13)
-1
Evaluate 0 - (-7 - (4 + -9)).
2
What is the value of -6 - (-6 - -3) - -2 - -7?
6
What is the value of 2 + (12 - 0) + -15 + 9?
8
Calculate 0 - (-1 - -1) - (-99 - -104).
-5
1 - (-9 - -9 - (5 + 0))
6
What is -1 - (-3 + 6 - 13 - -4)?
5
Calculate -21 + 29 + -16 - (1 + -3).
-6
Evaluate (2 - 0) + (-10 - -12 - 2).
2
Evaluate 4 + (-7 - 4 - -2).
-5
What is the value of (-6 - 3) + 1 + 4?
-4
Calculate 4 + 2 + -35 + 35.
6
What is 17 - ((6 - -15) + -6)?
2
What is the value of -2 - (-1 - (-8 - (3 + -7)))?
-5
(-8 - -1) + -3 + 7 + 0
-3
Calculate 6 - ((-2 - -7) + 5).
-4
What is the value of 16 + 2 + -13 + 5?
10
What is -12 + (8 - 5) + 3?
-6
5 + -3 + 0 + (-2 - 2)
-2
Calculate -3 + 2 + 6 - (5 - 2).
2
(1 + -3 - -3) + 3 - -1
5
Calculate -1 + -7 + 10 - 9.
-7
Evaluate 3 + (1 - 0) - 0.
4
Evaluate 7 + (-9 + 2 - (0 + -4)).
4
-3 + -10 + 16 + 0
3
-36 - -31 - ((2 - 3) + 6)
-10
What is (-3 - (-3 - -1 - -2)) + 2?
-1
12 + (33 - 36 - (-1 + 1))
9
What is the value of -10 + (9 - 1 - (-1 - -6))?
-7
Calculate -14 + 1 + 1 + 6.
-6
What is the value of (-15 - -11 - (-1 + 1)) + 1?
-3
What is 2 - (-2 + -4 - -7)?
1
Evaluate -7 + (6 - -1) + -3 - -9.
6
(-4 - (-3 + 2)) + 0
-3
What is 2 + -4 + 6 - 9?
-5
Calculate -1 - (1 + (-5 - 0)).
3
Calculate (-6 - 0) + (12 - 1 - 6).
-1
Evaluate -12 - (-3 + 1 + -8).
-2
(-15 - -5) + -15 + 26
1
Calculate 2 - -1 - (-12 + 13) - 5.
-3
Evaluate -5 - (-5 - 2) - -3.
5
What is (-20 - -11) + -3 + 11?
-1
What is the value of (2 - 5 - -6) + -1?
2
Calculate 9 + -6 + (-4 - (1 - 6)).
4
Evaluate (-2 - (-3 - 3)) + -9.
-5
Evaluate 4 - (8 - -2) - (2 - 7).
-1
Evaluate -3 + 1 + 11 + -5 - 7.
-3
What is 6 - (11 + -20 + 11)?
4
What is the value of 12 + -47 + 14 + 13?
-8
2 + -2 + 2 + -2 + 0
0
Calculate 0 + 4 + 5 + -4.
5
Evaluate (-27 - -24 - (2 + -1)) + 3.
-1
What is -11 - (7 - (18 + 4))?
4
What is the value of (-4 - (-6 + -1)) + 0?
3
Calculate 8 - (-9 + 16) - (6 - 0).
-5
What is 0 - (3 - (-5 - -8))?
0
Calculate (-5 + (-4 - -9) - -6) + -4.
2
Evaluate (4 - -1) + -24 + 20 - 2.
-1
Evaluate -2 + 4 + -6 - (-2 - -3).
-5
What is the value of 6 + -1 + 26 + -32?
-1
What is the value of 9 + (-3 - (11 + -5 + -7))?
7
What is the value of (17 - 10) + -7 + 5?
5
(-3 - -8) + -8 - 2
-5
Evaluate 0 + (-2 - 2) - (-7 + 4).
-1
4 + 4 + (-2 - 0)
6
What is the value of 3 - (2 - (6 - 6))?
1
-3 + (10 + -1 - 3) + -4
-1
What is (6 - 2) + -2 + (112 - 108)?
6
What is the value of (8 - 3) + -2 + 2 - 4?
1
Evaluate (-5 - -13) + 3 - 9.
2
Evaluate -11 - (-1 + 7 - 6) - -3.
-8
What is (-4 + -1 - -3) + 1 - 2?
-3
Calculate (-2 - -2) + 10 + -4.
6
8 + -1 + (-18 - -19)
8
Calculate -7 + 2 + 7 - 7.
-5
-6 - (-4 + (2 - (5 + -3)))
-2
Calculate (1 - 4) + (-3 - -8) + -1.
1
Evaluate 10 - 1 - (26 + (-12 - 16)).
11
What is the value of -3 + 2 + (6 + -3 - 0)?
2
Calculate -3 - -3 - (-2 - 3).
5
Calculate 14 + -6 - (5 - -4).
-1
What is the value of 3 + -5 + 0 - (1 - -2)?
-5
-1 + (-4 + 3 - 0)
-2
What is -5 + 2 + (4 - 6)?
-5
Calculate 9 + -5 + 5 + 0.
9
What is 14 + (-14 - (6 - 8))?
2
Evaluate 10 + -17 + 8 + -5.
-4
What is 1 + 2 - (-5 + 5 - -6)?
-3
Evaluate -2 + 4 - (-4 + -1 + 3).
4
Evaluate (12 - (-8 + 8)) + (0 - 8).
4
Evaluate (-1 - -2) + 0 + 1.
2
-1 + (1 - -2) + 25 + -29
-2
What is the value of (-1 - -3) + -4 - (1 + 0)?
-3
Evaluate -3 + 6 - (3 + -3).
3
Evaluate 5 + -2 + (1 - 3) + -4.
-3
What is the value of 0 - 1 - (1 + -5)?
3
What is the value of 38 + -40 + (2 - -1)?
1
What is the value of (19 - 12) + -1 + -3?
3
What is the value of -2 + (8 - (-7 - -10))?
3
What is the value of -4 + (-7 - -12) - 0?
1
Evaluate (4 - 2 - (-10 - -7)) + -1.
4
What is -3 + (3 - (3 + 2))?
-5
What is the value of -3 + 1 - (9 + -7 + -4)?
0
What is -6 + (15 - 5) - 1?
3
What is the value of 1 + 5 + (-10 + 5 - -3)?
4
Evaluate -5 + -2 + 0 + 8.
1
-1 + 4 - 4 - -2
1
0 + 2 + (3 - (2 + 2))
1
What is the value of 2 + -6 + (-1 - -5)?
0
What is the value of 3 - ((8 - 2) + -3)?
0
What is the value of (-9 - (1 - 2 - 3)) + 0?
-5
Calculate -4 + (0 - 2) + 2.
-4
Calculate (-2 - 0) + (-14 - -12).
-4
What is the value of (-7 - 0) + (11 - -18 - 13)?
9
Calculate 0 + 5 - (-4 - -5).
4
What is -5 + 7 + (4 - 2)?
4
Evaluate -2 - 2 - 1 - -2.
-3
-1 - (6 + (2 + -8 - -1))
-2
What is 1 + -1 - 3 - (-5 - 1)?
3
What is 2 + (-1 - 7) + 12 + -2?
4
Calculate (-7 + 5 - -2 - 4) + 5.
1
What is the value of (1 - (-1 + 0)) + -4?
-2
What is the value of -2 - (-1 - (0 + -4))?
-5
What is the value of (-13 + 5 - -15) + -2?
5
Evaluate 0 + 1 + -3 + -1.
-3
Evaluate 6 - ((-3 - -1) + (0 - -3)).
5
(-84 - -90) + -7 + 2
1
What is -148 + 137 - (1 - (-1 - -7))?
-6
Calculate (-4 - -16) + -13 + (4 - 1).
2
What is the value of 1 + (-2 - (-10 + 4))?
5
Evaluate -1 + (-4 - -10) + -8.
-3
11 + -20 + (1 - -3)
-5
Calculate 1 + 1 + 0 + (-2 - 4).
-4
Evaluate 6 - (5 + -1 + 2).
0
Evaluate 15 + (-12 - 3) + 6.
6
-2 + (0 - (-7 - (-3 + 4)))
6
What is 2 + 0 + (16 - 12)?
6
What is the value of -10 - -4 - (-4 + 0) - -4?
2
What is the value of (7 - (10 - (-1 - -7))) + 3?
6
Calculate -4 - -4 - (-8 + 13).
-5
Evaluate -43 - -43 - (3 + -1 - 0).
-2
Calculate (5 - 3) + (3 - 8).
-3
What is 2 + (-59 - -60 - (10 - 1))?
-6
What is (23 - 12) + (-5 - -4)?
10
Calculate (-1 - 4) + (0 - 4) + 4.
-5
-7 + -10 + 19 - -3
5
What is -1 + 2 + -5 + 5?
1
-1 - 0 - (12 - (11 + -2))
-4
12 + -11 + (-6 - -5)
0
1 + 0 + -92 + 98
7
What is the value of 2 - (5 - 4) - 1 - -2?
2
What is -5 + 18 + -11 - -6?
8
-2 - 4 - (-12 + 8)
-2
Calculate 129 - 128 - (-1 + 2 + 3).
-3
What is the value of (-4 - (4 - 4)) + 8?
4
What is the value of 1 + 3 - (7 + -3)?
0
What is the value of -3 - 1 - -9 - 8?
-3
Evaluate (-10 - -19 - 2) + -8.
-1
Calculate (1 + 3 - -5) + -4.
5
What is the value of -7 + (-4 - -6) + 2?
-3
What